by (-2)/12 + 79/6.
4
Calculate the remainder when 13*13 - (-6 + 10) is divided by 24.
21
Let i(h) = -h**2 + 19*h - 34. Calculate the remainder when 40 is divided by i(16).
12
Let r(y) = 5*y + 115. What is the remainder when 494 is divided by r(-14)?
44
Let n be 1 - (-1 + 26/2). Suppose 4*s - 109 = -5*y + 2*y, -s - 2*y + 21 = 0. Calculate the remainder when s is divided by 3/(((-6)/n)/2).
9
Let u(l) be the second derivative of -l**4/6 - 2*l**3/3 + 3*l**2 + 11*l. Let c be u(-6). Let y = -34 - c. What is the remainder when 23 is divided by y?
7
Suppose -2*h + 0*h + 4*r = -6, 5*r = -5*h + 60. Suppose 0*a + 3*a - h = 0. Suppose -a*l + 27 = -2*l. What is the remainder when 105 is divided by l?
24
Let x = 1645 - 1238. Calculate the remainder when x is divided by 34.
33
Suppose 13*g - 25 = 9*g + 5*f, g - 3*f - 8 = 0. Calculate the remainder when 71 is divided by g.
1
Suppose 0 = 23*n - 258 + 74. What is the remainder when n is divided by 6?
2
Let d = -187 - -392. Calculate the remainder when d is divided by 10.
5
Let y(k) = -2*k - 9. What is the remainder when (-8 - 2)/(((-7)/(-28))/(-1)) is divided by y(-9)?
4
Let f(j) = 2*j + 10. Let t be f(4). Suppose 4*r = 54 + t. What is the remainder when 35 is divided by r?
17
Let b = 466 - 450. Calculate the remainder when b is divided by 2.
0
Let u = 388 + -166. Calculate the remainder when u is divided by 58.
48
Let v = -128 - -183. What is the remainder when v is divided by 3 + -9*12/(-4)?
25
Let p(o) = 7*o**2 + o - 3. Let y(r) = -2*r. Let g be y(-1). Calculate the remainder when p(g) is divided by 11.
5
Let o(v) = 15*v**2 + 5*v + 13. What is the remainder when 119 is divided by o(-2)?
56
Suppose 4*s = 20, 4 + 73 = 3*z + s. What is the remainder when 190 is divided by z?
22
Let h = -65 + 120. Let q = -13 - -8. Let p(a) = a**2 + 4. Calculate the remainder when h is divided by p(q).
26
Let q = -8 - 17. Let p = 14 - q. Calculate the remainder when 116 is divided by p.
38
Suppose -4 = 5*r + 106. Let y be 11/r + (-14)/(-4). What is the remainder when 19 is divided by (0 - y)*(-10)/6?
4
Let j = 26 - 17. Suppose -j*k + 7*k + 92 = 0. Suppose 48 = 2*w + w. Calculate the remainder when k is divided by w.
14
Let s(i) = 2*i**2 + 8*i. Let m be s(-4). Suppose 4*w - 5*t - 256 = 0, m*w + t - 142 = -2*w. Calculate the remainder when w is divided by 24.
21
Let f be -3 - -1*(-4)/(-4). Let x(h) = 4*h - 2. Let y(g) = -4*g + 1. Let i(q) = f*x(q) - 3*y(q). Calculate the remainder when 17 is divided by i(1).
2
Let k = -1157 - -1239. What is the remainder when 407 is divided by k?
79
Let n(l) = 2*l + 2. Let p be n(-5). Calculate the remainder when p/(-4)*15/6 is divided by 3.
2
Suppose -328 = -2*c - w, c - 3*c + 328 = 2*w. What is the remainder when 79 is divided by 1/(-4 - (-660)/c)?
38
Let s be (0 - 1)*(-1 + -118). Suppose 3*w = -4*x + 29 + s, 5*x + 3*w - 185 = 0. Let f = -20 - -33. Calculate the remainder when x is divided by f.
11
Let h(i) = 7*i - 112. What is the remainder when h(27) is divided by 22?
11
Let m = -251 + 279. Calculate the remainder when m is divided by 10.
8
Let h = 13 - 22. Let n = h + 15. Let a(r) = -r**3 + 6*r**2 + 3*r - 5. Calculate the remainder when a(n) is divided by 4.
1
What is the remainder when 4 + 2 + -6 - -429 is divided by 24?
21
Let g(j) = -j**3 + 12*j**2 + 13*j + 14. Calculate the remainder when 18 is divided by g(13).
4
Let z = 3 - 3. Suppose z = -3*c + 23 + 13. What is the remainder when 33 is divided by c?
9
Suppose 3*h = 229 - 28. Suppose 2*t - 4*t = -4*r + 28, 2*r + 5*t = 2. Suppose 11*p - 170 = r*p. What is the remainder when h is divided by p?
33
Suppose 0 = -2*v - 477 + 525. What is the remainder when v is divided by 10?
4
Suppose y - 90 = -2*z + 5*y, -5*y = 15. Suppose -z + 102 = r. What is the remainder when r is divided by 10?
3
Let k(d) = 4*d - 4. Let j(y) = -4*y + 25. Let w(c) = -5*c + 26. Let r(m) = 6*j(m) - 5*w(m). What is the remainder when r(9) is divided by k(3)?
5
Suppose 3*i = 5*f + 122, i - 43*f - 40 = -42*f. Suppose -m + 74 = s, -3*m + 0 = 3. What is the remainder when s is divided by i?
36
Let g = -16 + 31. What is the remainder when (1 - 0)*6*(-207)/(-46) is divided by g?
12
Suppose -16 = 3*c - 7*c. Calculate the remainder when 47 is divided by (-4 - -1) + c + 11.
11
Let b be (-81)/(-5) - (-4)/(-20). Suppose b*p = 18*p - 324. What is the remainder when p is divided by 33?
30
Let m(f) = f**2 + 14*f - 24. Let r be m(-18). Suppose 2*k + 0*k = r. Let j = -120 + 191. What is the remainder when j is divided by k?
23
Let j(i) be the first derivative of -3*i**4 - i**2/2 - i - 24. What is the remainder when j(-1) is divided by 6?
0
Suppose -7*k = -52 - 151. Calculate the remainder when (-254)/(-3) - 5/(-15) is divided by k.
27
Suppose 0*l = 2*r - 4*l - 94, 0 = -r - 2*l + 67. What is the remainder when 154 is divided by r?
40
Suppose n + 104 = 5*y - 59, -5*y + 5*n = -155. Calculate the remainder when 60 is divided by y.
27
Let r be -2*(18/4 - -1). Let w = 13 + r. Suppose -3*a + 20 = -j, -a + 3*j = w - 6. What is the remainder when 19 is divided by a?
5
Suppose -33 = -5*f + 3*b - 0*b, -5*f - 3*b = -27. Suppose -5*y + 24 = -3*x, -y = 4*x - 3*x. What is the remainder when f is divided by y?
0
Suppose 3*g - 12 = -3*g. Let q(i) = i**2. Let z(t) = t**2 - t - 7. Let c(k) = g*q(k) + z(k). What is the remainder when c(-4) is divided by 16?
13
Let t = 6 + -6. What is the remainder when 59 is divided by 40/4 - (t - 2)?
11
Let m be ((-15)/3)/((-3)/6). Suppose -n + 33 = -m. Suppose 8*i = 26*i - 198. What is the remainder when n is divided by i?
10
Suppose -592 = -2*h + 2*w - w, -3*w + 1164 = 4*h. Let s = h - 207. What is the remainder when s is divided by 30?
27
Let w = -57 - -203. Suppose -3*j = -190 - w. What is the remainder when j is divided by 23?
20
Suppose 4*i = g - 3*g + 18, -i = -3. Suppose -7 = g*r - r - 5*q, -4*r + 2*q = -10. Let w(j) = 4*j**2 - 3*j. Calculate the remainder when w(r) is divided by 18.
16
Calculate the remainder when 2610/12 + ((-25)/10 - -4) is divided by 6.
3
Let v = -34 - -72. Let m = v + -31. Calculate the remainder when 17 is divided by m.
3
Let w = 212 - 204. What is the remainder when 199 is divided by w?
7
Suppose -4*x - 21 = -4*c + 7, 4*c - 38 = 2*x. Let t(d) = 5 - 6*d - 4*d + 0*d. Calculate the remainder when t(-4) is divided by c.
9
Suppose 11*p + 75 - 284 = 0. Calculate the remainder when 53 is divided by p.
15
Let t be 1 + 2 + 8/2. Suppose -t*s + 10*s - 135 = 0. Let h = -6 - -22. Calculate the remainder when s is divided by h.
13
Let f = -35 - -42. Suppose 98 = 7*r + f. Suppose -5*c - 7*v = -3*v - 123, v = 5*c - 113. Calculate the remainder when c is divided by r.
10
Suppose 0 = -8*p + 4*p + 142 + 210. Let v(o) = -2*o**3 - 4*o**2 - 3. Calculate the remainder when p is divided by v(-3).
13
Let j(q) = q**3 - 9*q**2 + 9*q - 4. Let r be j(8). Suppose 0*n + r*n = -28. Calculate the remainder when (36/(-7))/(2/n) is divided by 10.
8
Let u(v) = 4*v + 2 + 9*v**2 - 8 - v**3 + 3*v. What is the remainder when u(9) is divided by 15?
12
Let r(f) = -2*f**2 + 4*f**2 - 3*f**2 + 13*f - 15 - 4*f. Calculate the remainder when 4 is divided by r(6).
1
Suppose -5*p - 10 = 0, 3*i + 24 = p - 4*p. Calculate the remainder when 24 is divided by ((-4)/i)/(12/234).
11
Let i(c) = -26*c**3 - 12*c**2. What is the remainder when i(-1) is divided by 2?
0
Let g(d) = -d**3 + 8*d**2 - 12*d + 3. Suppose -x - 3*u = x + 7, 0 = 5*x - 4*u - 40. Let t = -3 + 10. Calculate the remainder when g(x) is divided by t.
5
Suppose -3*q + 8 = -10. Suppose -x + 707 = q*x. Calculate the remainder when x is divided by 26.
23
Let b(i) = 11*i**2 - 1. Let g = 9 - 10. Let c(d) = 4*d**2 - 2*d - 6. Calculate the remainder when c(-3) is divided by b(g).
6
Let h(w) = 6*w - 13. Let l(z) = 8*z - 1. Calculate the remainder when l(4) is divided by h(5).
14
Let f be 20/(-30) - 2/(-18)*-3. What is the remainder when (2/4)/(f/(-206)) is divided by 26?
25
Let j = 14108 + -14075. Suppose -8 - 2 = 3*c - 5*s, -5*c + 20 = -s. Suppose -52 + 7 = -c*a. What is the remainder when j is divided by a?
6
Let j = 62 + -88. Let z = j + 42. Let i(r) = r**3 + 30. What is the remainder when i(0) is divided by z?
14
Let x(v) be the second derivative of v**5/20 - 7*v**4/12 + 7*v**3/6 + v**2 + 4*v. What is the remainder when 13 is divided b